(i) = 2*i + 6. Let j(c) = -c - 4. Let d(f) = 6*b(f) + 11*j(f). Give d(s).
-1
Let u(q) = -q**2. Let x(d) = d**2 + d - 2. Let g(k) = 4*u(k) - x(k). Let m(n) = 3*n**2 + 88*n + 323. Let p be m(-25). Calculate g(p).
-16
Suppose 3*z - 18 = j, -j = -1 + 4. Suppose -z*o - 5*i + 9 = -o, 0 = o + 3*i - 4. Let b(s) be the first derivative of 3*s**2/2 + s + 29. Calculate b(o).
4
Let c(p) be the first derivative of -5/2*p**4 - 4 - 1/2*p**2 + 0*p + 0*p**3. Let z = 2536 - 2537. What is c(z)?
11
Let a(u) be the third derivative of -u**4/24 - u**3 - 15*u**2 - 6. Suppose -72 = 5*h + 4*m, h - 124*m + 119*m = 3. Calculate a(h).
6
Let s(j) = -j**3 + j**2 - j + 3. Let b = -256 + 262. Suppose 2*u + b = -2*i, 6*u - 9*u = 4*i + 12. What is s(u)?
3
Let n(s) = s**2 - 6*s + 10. Let a(i) = -i**2 + 20*i + 129. Let f be a(-9). Let l = f - -139. Determine n(l).
17
Let j(z) be the third derivative of z**5/60 + 5*z**4/8 + 29*z**3/6 + 1362*z**2 + 2. Calculate j(-11).
-15
Let i(s) = 5*s + 59. Let p be i(-16). Let k(d) = -8*d - 157. Let u be k(p). Let z(x) = x**3 - 11*x**2 - x + 14. Determine z(u).
3
Let x be (6/(-21))/(-2*(-3)/(-84)). Suppose -4*r - x*r - 256 = 0. Let b = r - -39. Let s(q) = q - 1. Give s(b).
6
Let j = 299 + -296. Suppose 5*y - j*o - 18 = -2*o, -5*y - 4*o + 3 = 0. Let a(x) = 3*x - 1. Calculate a(y).
8
Let a(b) = 3*b**3 - b**2 + 2*b - 1. Let o be ((-18)/(-12))/(2/4). Let r be (-20)/(-24)*o*2. Suppose 0 = -5*v - 5*j, 5*v - 3*j + r*j - 3 = 0. Give a(v).
3
Let n(i) = 5*i**3 - 21*i**2 + 6*i + 58. Let s(w) = 2*w**3 - 7*w**2 + 2*w + 20. Let z(q) = 3*n(q) - 8*s(q). Calculate z(-7).
0
Let i(a) = -2*a**2 - 3*a - 17. Let v(x) = 2*x**2 + 3*x + 18. Let o(g) = -6*i(g) - 5*v(g). Determine o(-5).
47
Let f(m) = 21*m - 6. Let w(u) = -u**2 + 18*u - 70. Let z be w(9). Let b(y) = -4*y + 1. Let o(q) = z*b(q) + 2*f(q). What is o(-2)?
3
Suppose -1645 = -16*i - 1565. Let h(u) = 17*u**2 - 86*u. Calculate h(i).
-5
Let z(m) be the third derivative of -m**5/30 - 5*m**4/4 - 17*m**3/3 - 3460*m**2. Calculate z(-14).
-6
Let d(g) be the third derivative of -g**4/8 - 17*g**3/6 - 1156*g**2. Calculate d(-12).
19
Let k(m) = -m**3 - 2*m**2 + 4*m - 5. Let q(t) = 3*t**2 + t - 30. Let w be q(-8). Let s = w + -158. Calculate k(s).
11
Suppose n = 2*g - 5, 3*n + 3 - 8 = 2*g. Suppose 26 = -3*k - 2*y, 0 = g*k + y + 49 - 15. Let m(r) be the first derivative of r**2 + 2*r - 1. Determine m(k).
-10
Let p be (-14 - 1956/(-144))/(-1 + -9). Let q(b) be the third derivative of 26*b**2 + 0 + 0*b + p*b**4 - 1/2*b**3. Calculate q(5).
2
Let x(r) = 9*r**2 - 26*r - 5. Let b(z) = 2*z**2 - 4*z. Let j(t) = 5*b(t) - x(t). Give j(-7).
12
Let z(l) = 17*l - 5*l**2 - 6*l**2 + 2 - 16*l + 2 + l**3 + 3*l**2. Calculate z(6).
-62
Suppose -p + 5 = -0*p. Let u(z) = -16*z + z + 10 - 6 + 10*z + 4*z. Calculate u(p).
-1
Let v(s) be the second derivative of -1/20*s**5 + 7/12*s**4 + 0 - 99*s - 5/2*s**2 - s**3. Give v(6).
-5
Let m = 15167 + -15171. Let a(s) = s**3 + 5*s**2 + 5*s. Calculate a(m).
-4
Suppose 3*h - 2*k + 20 = -k, -2*h = -2*k + 16. Let o(r) = 6*r + 4. Let y(g) = -g. Let j = 4 - 5. Let w(s) = j*o(s) - 4*y(s). Give w(h).
8
Suppose 0 = -2*m + h - 10, 4*m + 24 = 3*h - 2*h. Let a = -4 - m. Suppose -a = 3*i - 0. Let f(u) = -5*u**3 + u**2. Calculate f(i).
6
Let z(i) = -i**2 - 7*i + 9. Let t be z(-8). Let l(d) be the second derivative of -1/2*d**2 + 0 + 0*d**3 - 3*d - 2/5*d**5 + 1/12*d**4. Determine l(t).
-8
Suppose -617*w + n = -612*w - 50, -4*n - 13 = -3*w. Let o(q) = 4*q**2 - 5*q**2 + 3*q**2 - 3*q**2 + 11*q. Determine o(w).
0
Let w(t) = -330*t + 2609. Let n(r) = -110*r + 871. Let s(c) = 7*n(c) - 2*w(c). What is s(8)?
-1
Let v = 184 + -178. Suppose -1 = 7*w + v. Let n(i) = 16*i. Give n(w).
-16
Let t(l) = 6*l**2 + 11 + 0*l + l - 41*l**3 + 53*l**3 - 9*l - 13*l**3. Determine t(4).
11
Let s be 38/(-6) + (-1)/(-3). Let o(k) = 4*k**2 - 3*k - 9. Let w = 18 - 24. Let a(v) = -5*v**2 + 2*v + 9. Let q(b) = w*o(b) - 5*a(b). Give q(s).
-3
Let y(c) = 3*c**2 + 961*c - c**3 - 474*c - 14*c**2 + 24 - 473*c. Calculate y(-12).
0
Let k(n) be the third derivative of n**6/20 + n**4/12 + n**3/6 - n**2. Let l = -165 + 175. Suppose l = -6*p + 4. Determine k(p).
-7
Let y(v) = -v**3 - 4*v**2 - v. Let k be y(-4). Let f(c) = 7 + 18552*c - 18547*c - k. What is f(-3)?
-12
Let y(u) be the third derivative of 1/24*u**4 - 76*u**2 + 0 + 0*u + u**3. Determine y(-2).
4
Let o(p) be the first derivative of 2*p**3 + 4*p**2 + 8*p - 2874. What is o(-1)?
6
Let m be 2*(-4)/((-16)/(-6)). Let z(t) = 314*t**2 + 542*t + 3 - 540*t - 311*t**2. Determine z(m).
24
Let s(b) = b**3 + 5*b**2 - 8*b - 5. Suppose -3*k - 147 = y, 9*y - 4*y - 49 = k. Let h be 84/k*14/4. What is s(h)?
7
Let x(i) = -188*i - 183*i + 375*i + 6. Let p(v) = -12*v - 78. Let u be p(-6). Calculate x(u).
-18
Suppose 5*y = 4*y - 6. Let t(s) = s - 1. Let u(m) be the first derivative of m**3/3 - 7*m**2 + 10*m + 12. Let v(x) = y*t(x) - u(x). Give v(6).
8
Let d(o) be the second derivative of o**3/6 + 5*o**2 + 5189*o. Calculate d(-20).
-10
Let w(i) = -128408*i + 0*i**2 - 34 - i**2 + 64227*i + 64197*i. What is w(11)?
21
Let g(o) = 7*o - o - 5*o**3 + 59 + 6*o**3 + 7*o**2 - 2*o - 67. Let v = 21 - 27. Determine g(v).
4
Let u(f) = 9*f**3 - 2*f**2 + 2*f - 4. Let d = -403 - -405. Give u(d).
64
Let g be 4/(-2) + (-1 - -17 - 6). Suppose 2*d + 2*d - 10 = 2*c, 2*d - 4*c = g. Let p(y) = d + 10*y + 1 + 0 + 0*y. Determine p(-2).
-17
Let i = 106 - -19. Suppose -4*h + i = -347. Suppose 0 = 3*a - 124 + h. Let f(o) = -o**3 + 2*o**2 - 2*o. Calculate f(a).
-4
Let t(d) = -d**3 + 5*d - 2. Let q be -2 - 3*40/15. Let x be q*((-57)/(-15) - 4). Calculate t(x).
0
Let y be (-2)/((-4)/(-10) - (-176)/(-165)). Let c(i) = -i**2 - 2*i + 39 + 44 - 117 + 38. What is c(y)?
-11
Let w = -22 + 71. Suppose 8*v - w = v. Let t(h) = 6 - 1 - v + 1 + 2*h. Give t(5).
9
Let f(r) = 13*r - 39. Let y be f(15). Let d = 155 - y. Let t(c) = 35*c**2 + 1. Calculate t(d).
36
Suppose 5*y = 4*s - 24, 3*y = -2*s - 80 + 92. Let l(n) = 0*n**2 - 2 - n**3 - n - n + 6*n**2. Determine l(s).
-14
Let c = 8 + 12. Suppose 10*d = 14*d - c. Let u(f) = -5 + d - 2*f + 1. What is u(2)?
-3
Let h(q) = -q**2 - q + 1. Let w(c) = -c**2 + 8*c + 15. Let x(i) = -2*h(i) + w(i). Let u be ((-2)/4*(-40)/(-40))/(2/36). Determine x(u).
4
Suppose 4*j + 2*a - 8 = -2, -4*j = 4*a. Let x(v) = 40 + v**2 + 4*v**j - 3*v**3 + 2*v**2 + v**2 - 33 - 5*v. Give x(-5).
7
Let v(l) = l**2 + 3*l - 6. Let c be v(-4). Let g(q) = -6*q - 8. Let h be g(c). Suppose 0 = h*m - 5*m - 2. Let w(n) = -n**3. Determine w(m).
8
Let s(r) = 48*r + 34. Let m(f) = -61*f - 35. Let w(c) = -4*m(c) - 5*s(c). Determine w(6).
-6
Let p(i) = -2*i**2 - 7*i - 6. Let z = -949 + 557. Let s = z - -387. Determine p(s).
-21
Let m(g) be the first derivative of -g**2 + 10*g - 3224. Calculate m(4).
2
Let k = 6357 + -6337. Let x(m) = 2*m**2 - 38*m - 40. Calculate x(k).
0
Let u(k) = -3*k - 1. Let h be u(3). Let c = -14 - h. Let n(x) = 15*x**2 + 653*x - 2. Let r(b) = -7*b**2 - 324*b + 1. Let l(t) = -n(t) - 2*r(t). What is l(c)?
4
Let t(g) = -g**3 - 12*g**2 - 9*g + 9. Let w(y) = 795*y - 8756. Let b be w(11). Calculate t(b).
-13
Let q(f) = 41749*f + 10*f**3 - 3*f**2 - 20867*f - 20878*f + 8*f**3 - 3. Determine q(1).
16
Let b(o) = 63*o**3 + 3*o + 2. Suppose 240*c = -334 + 94. What is b(c)?
-64
Let q = 1391 - 1379. Let y be 5/1*(-6)/(-15). Let m(g) = 5*g + 4*g**2 - g**3 - q*g**2 - 7 + 12*g**y. Determine m(5).
-7
Let v(j) = 2*j - 32. Let m be v(19). Suppose m = 6*b - 12. Let g(q) = -7*q - q**3 - q**2 + 3*q**b + 6*q. Give g(-1).
-2
Suppose 5*b - 5*k + 68 - 88 = 0, 0 = -5*b - k - 4. Let j(a) = -a**2 + a + 29. What is j(b)?
29
Let v(r) = -r**3 + 3*r**2 + 2*r. Let p(t) = -2*t**2 + 29*t + 18. Let k = 186 + -171. Let w be p(k). Calculate v(w).
6
Let s(w) = -5*w**3 + 20*w**2 - 15*w - 5. Let b(p) = 27*p**3 - 103*p**2 + 76*p + 26. Let y(m) = -2*b(m) - 11*s(m). What is y(13)?
3
Let z(l) = -2*l + 9. Let u(v) = v**2 - 12*v + 11. Let h be u(9). Let d(o) = -o - 20. Let y be d(h). Let m be 2*1 + (y - -9). What is z(m)?
-5
Let o(p) be the second derivative of -175*p - 1/6*p**3 + 0 - 2*p**2 + 1/20*p**5 + 7/12*p**4. Determine o(-7).
3
Let k = -10 + 10. Let h(o) = -o + k*o + o + o + 5. Suppose 0 = 2*t - 2*f + 14, -35 = 5*t - 59*f + 63*f. What is h(t)?
-2
Suppose 6*o - 163 - 113 = 0. Let h(f) 